{"id":5843,"date":"2026-03-29T18:15:51","date_gmt":"2026-03-29T16:15:51","guid":{"rendered":"https:\/\/www.ordpsicobas.it\/home\/?page_id=5843"},"modified":"2026-04-15T22:15:00","modified_gmt":"2026-04-15T20:15:00","slug":"ufficio-istruttorio","status":"publish","type":"page","link":"https:\/\/www.ordpsicobas.it\/home\/ufficio-istruttorio\/","title":{"rendered":"Ufficio istruttorio"},"content":{"rendered":"\r\n\r\n<div class=\"et_pb_section_0 et_pb_section et_section_regular et_block_section\">\r\n\r\n<div class=\"et_pb_row_0 et_pb_row et_block_row\">\r\n\r\n<div class=\"et_pb_column_0 et_pb_column et_pb_column_4_4 et-last-child et_block_column et_pb_css_mix_blend_mode_passthrough\">\r\n\r\n<div class=\"et_pb_text_0 et_pb_text et_pb_bg_layout_light et_pb_module et_block_module\"><div class=\"et_pb_text_inner\"><p>La funzione disciplinare del Consiglio dell\u2019Ordine serve a verificare se una psicologa o uno psicologo ha tenuto comportamenti non corretti e, se necessario, ad adottare i provvedimenti previsti dalla legge.<\/p>\n<p>Per garantire imparzialit\u00e0 e tutela di tutte le parti, il procedimento \u00e8 diviso in due fasi: una fase istruttoria, in cui vengono raccolte e verificate le informazioni, e una fase decisionale.<\/p>\n<p>L\u2019<strong>Ufficio Istruttorio<\/strong>, in attuazione di quanto previsto dall\u2019art. 13 del Decreto del Ministero della Salute n. 172\/2024, \u00e8 l\u2019organo che si occupa della prima fase: prende in carico le segnalazioni, analizza i fatti e valuta se ci sono elementi che richiedono un approfondimento disciplinare.<\/p>\n<p>Possono dar luogo a procedimento disciplinare comportamenti che violano le regole della professione (Codice Deontologico), le norme di legge o che non rispettano i principi di correttezza, dignit\u00e0 e decoro professionale.<\/p>\n<p>In alcuni casi, anche comportamenti al di fuori dell\u2019attivit\u00e0 professionale possono essere valutati, se incidono sulla reputazione del professionista o sull\u2019immagine della categoria.<\/p>\n<p>L\u2019Ufficio \u00e8 composto da membri nominati tra gli iscritti all\u2019Albo dell\u2019Ordine regionale, che non siano componenti del Consiglio, tra cui almeno 1 iscritto alla sezione B dell'Albo, e da almeno un componente estraneo alla professione, in possesso di competenze giuridiche.<\/p>\n<p>L\u2019Ufficio Istruttorio cura la fase preliminare all\u2019eventuale instaurazione del procedimento disciplinare, procedendo all\u2019esame delle segnalazioni ricevute, invitando il professionista interessato a fornire chiarimenti e, all\u2019esito dell\u2019attivit\u00e0 istruttoria, trasmettendo la relativa documentazione al Consiglio dell\u2019Ordine.<\/p>\n<p>La trasmissione avviene mediante una proposta motivata di archiviazione oppure di apertura del procedimento disciplinare, con eventuale formulazione dei profili di addebito.<\/p>\n<p>Il Consiglio dell\u2019Ordine, composto dai consiglieri appartenenti alla sezione dell\u2019Albo del professionista interessato, \u00e8 titolare della decisione finale in merito al provvedimento disciplinare da adottare, sulla base degli atti e delle risultanze istruttorie.<\/p>\n<p>L\u2019Ufficio istruttorio \u00e8 cos\u00ec composto:<\/p>\n<ul>\n<li><strong>Dott.ssa Fabiola Santicchio<\/strong><br \/>\nCoordinatrice<\/li>\n<li><strong>Dott.ssa Maria Assunta Basentini<\/strong><br \/>\nComponente<\/li>\n<li><strong>Avv. Giuseppina Condosta<\/strong><br \/>\nComponente<\/li>\n<li><strong>Dott. Giuseppe Zaccagnino<\/strong><br \/>\nComponente Albo B<\/li>\n<\/ul>\n<\/div>\r\n\r\n<div class=\"et_pb_tabs_0 et_pb_tabs et_pb_module\"><ul class=\"et_pb_tabs_controls clearfix\"><li class=\"et_pb_tab_nav_item_0 et_pb_tab_nav_item et_pb_tab_0 et_pb_tab_active\"><a class=\"et_pb_tab_nav_item_link\" href=\"#\">Segnalazione Deontologica<\/a><\/li><li class=\"et_pb_tab_nav_item_1 et_pb_tab_nav_item et_pb_tab_1\"><a class=\"et_pb_tab_nav_item_link\" href=\"#\">Perch\u00e9 segnalare<\/a><\/li><li class=\"et_pb_tab_nav_item_2 et_pb_tab_nav_item et_pb_tab_2\"><a class=\"et_pb_tab_nav_item_link\" href=\"#\">Come segnalare?<\/a><\/li><\/ul><div class=\"et_pb_all_tabs\">\r\n\r\n<div class=\"et_pb_tab_0 et_pb_tab clearfix et_pb_active_content et_pb_module et_flex_module\"><div class=\"et_pb_tab_content et_flex_module\"><p>La segnalazione deontologica \u00e8 lo strumento formale con cui qualsiasi persona  (cittadino, cliente o altro professionista) porta a conoscenza dell'Ordine degli psicologi (in questo caso della Basilicata) un presunto comportamento scorretto e\/o  possibile violazione del codice deontologico, di un professionista iscritto all'Albo.<\/p>\n<\/div><\/div>\r\n\r\n<div class=\"et_pb_tab_1 et_pb_tab clearfix et_pb_module et_flex_module\"><div class=\"et_pb_tab_content et_flex_module\"><p>La segnalazione \u00e8 un atto di responsabilit\u00e0 cruciale per la categoria professionale<\/p>\n<p>\u200bPermette di proteggere i cittadini e i clienti da condotte professionali inadeguate, garantendo che i servizi offerti mantengano standard etici elevati.<\/p>\n<p>Inoltre contribuisce a mantenere il decoro e la credibilit\u00e0 della categoria professionale. L'Ordine, partendo dalle segnalazioni ricevute, pu\u00f2 sanzionare gli iscritti, richiamandoli ad un senso di responsabilit\u00e0 e correttezza professionale.<\/p>\n<\/div><\/div>\r\n\r\n<div class=\"et_pb_tab_2 et_pb_tab clearfix et_pb_module et_flex_module\"><div class=\"et_pb_tab_content et_flex_module\"><p>Affinch\u00e9 la segnalazione sia presa in considerazione, \u00e8 fondamentale che abbia le seguenti caratteristiche:<\/p>\n<ul>\n<li>Non Anonimato: deve essere presentata in forma scritta e firmata e deve includere i dati identificativi del segnalante. Le segnalazioni anonime non potranno essere prese in considerazione.<\/li>\n<li>Precisione e Circostanza: deve descrivere in modo chiaro e dettagliato i fatti, il contesto in cui sono accaduti e il nominativo del professionista coinvolto, allegando eventuale documentazione.<\/li>\n<li>La segnalazione sia riferita ad un professionista iscritto all'Albo degli Psicologi di Basilicata<\/li>\n<li>Prescrizione: l'Ordine pu\u00f2 procedere solo se non sono trascorsi pi\u00f9 di cinque anni dal compimento del fatto oggetto di contestazione o dalla data in cui il fatto \u00e8 venuto a conoscenza dell'Ordine.<\/li>\n<\/ul>\n<p>\u200bLa segnalazione va inviata direttamente all'Ufficio Istruttorio dell'Ordine della Basilicata tramite pec, raccomandata o email. Nel caso si avvii un procedimento istruttorio verr\u00e0 data breve comunicazione al segnalante.<\/p>\n\r\n\r\n<div class=\"et_pb_module et_pb_button_module_wrapper et_pb_button_0_wrapper\"><a class=\"et_pb_button_0 et_pb_button et_pb_bg_layout_light et_pb_module et_flex_module\" href=\"https:\/\/www.ordpsicobas.it\/home\/segnalazioni\/\">Per segnalare<\/a><\/div><\/div><\/div><\/div><\/div><\/div><\/div><\/div><\/div>","protected":false},"excerpt":{"rendered":"<p>La funzione disciplinare del Consiglio dell\u2019Ordine serve a verificare se una psicologa o uno psicologo ha tenuto comportamenti non corretti e, se necessario, ad adottare i provvedimenti previsti dalla legge.<\/p>\n","protected":false},"author":465,"featured_media":4960,"parent":0,"menu_order":0,"comment_status":"closed","ping_status":"closed","template":"","meta":{"footnotes":""},"class_list":["post-5843","page","type-page","status-publish","has-post-thumbnail","hentry"],"_links":{"self":[{"href":"https:\/\/www.ordpsicobas.it\/home\/wp-json\/wp\/v2\/pages\/5843","targetHints":{"allow":["GET"]}}],"collection":[{"href":"https:\/\/www.ordpsicobas.it\/home\/wp-json\/wp\/v2\/pages"}],"about":[{"href":"https:\/\/www.ordpsicobas.it\/home\/wp-json\/wp\/v2\/types\/page"}],"author":[{"embeddable":true,"href":"https:\/\/www.ordpsicobas.it\/home\/wp-json\/wp\/v2\/users\/465"}],"replies":[{"embeddable":true,"href":"https:\/\/www.ordpsicobas.it\/home\/wp-json\/wp\/v2\/comments?post=5843"}],"version-history":[{"count":17,"href":"https:\/\/www.ordpsicobas.it\/home\/wp-json\/wp\/v2\/pages\/5843\/revisions"}],"predecessor-version":[{"id":5937,"href":"https:\/\/www.ordpsicobas.it\/home\/wp-json\/wp\/v2\/pages\/5843\/revisions\/5937"}],"wp:featuredmedia":[{"embeddable":true,"href":"https:\/\/www.ordpsicobas.it\/home\/wp-json\/wp\/v2\/media\/4960"}],"wp:attachment":[{"href":"https:\/\/www.ordpsicobas.it\/home\/wp-json\/wp\/v2\/media?parent=5843"}],"curies":[{"name":"wp","href":"https:\/\/api.w.org\/{rel}","templated":true}]}}