{"id":5279,"date":"2026-01-11T23:36:58","date_gmt":"2026-01-11T22:36:58","guid":{"rendered":"https:\/\/www.ordpsicobas.it\/home\/?page_id=5279"},"modified":"2026-05-05T18:00:07","modified_gmt":"2026-05-05T16:00:07","slug":"news","status":"publish","type":"page","link":"https:\/\/www.ordpsicobas.it\/home\/news\/","title":{"rendered":"News"},"content":{"rendered":"<div class=\"et_pb_section_0 et_pb_section et_section_regular et_flex_section\">\n<div class=\"et_pb_row_0 et_pb_row et_flex_row\">\n<div class=\"et_pb_column_0 et_pb_column et-last-child et_flex_column et_pb_css_mix_blend_mode_passthrough et_flex_column_24_24 et_flex_column_24_24_tablet et_flex_column_24_24_phone\">\n<div class=\"et_pb_blog_0 et_pb_blog et_pb_bg_layout_light et_pb_posts et_pb_module\"><div class=\"et_pb_ajax_pagination_container\"><div class=\"et_pb_posts et_flex_module\"><article class=\"et_pb_post et_pb_post_id_6644 clearfix et_pb_blog_item_0_0 post-6644 post type-post status-publish format-standard has-post-thumbnail sticky hentry category-eventi category-home category-in-evidenza\"><h2 class=\"entry-title\"><a href=\"https:\/\/www.ordpsicobas.it\/home\/corso-ecm-la-deontologia-in-psicologia-etica-diritto-efficacia-dellintervento\/\">Corso ECM. La deontologia in psicologia: etica, diritto, efficacia dell\u2019intervento<\/a><\/h2><p class=\"post-meta\"><span class=\"entry-categories\"><a href=\"https:\/\/www.ordpsicobas.it\/home\/category\/eventi\/\" rel=\"tag\">Eventi<\/a>, <a href=\"https:\/\/www.ordpsicobas.it\/home\/category\/home\/\" rel=\"tag\">Home<\/a>, <a href=\"https:\/\/www.ordpsicobas.it\/home\/category\/in-evidenza\/\" rel=\"tag\">In evidenza<\/a><\/span><\/p><div class=\"post-content\"><div class=\"post-content-inner\"><p>La deontologia rappresenta il riferimento che orienta l\u2019agire professionale dello psicologo, tutela le persone destinatarie dell\u2019intervento e contribuisce a garantire qualit\u00e0, efficacia e credibilit\u00e0 alla professione. In questa prospettiva, l\u2019Ordine degli Psicologi&#8230;<\/p>\n<\/div><\/div><\/article><article class=\"et_pb_post et_pb_post_id_6654 clearfix et_pb_blog_item_0_1 post-6654 post type-post status-publish format-standard has-post-thumbnail hentry category-in-evidenza\"><h2 class=\"entry-title\"><a href=\"https:\/\/www.ordpsicobas.it\/home\/festa-dei-lavoratori-1-maggio\/\">Festa dei Lavoratori &#8211; 1 Maggio<\/a><\/h2><p class=\"post-meta\"><span class=\"entry-categories\"><a href=\"https:\/\/www.ordpsicobas.it\/home\/category\/in-evidenza\/\" rel=\"tag\">In evidenza<\/a><\/span><\/p><div class=\"post-content\"><div class=\"post-content-inner\"><p>Il lavoro non \u00e8 solo occupazione, reddito o produttivit\u00e0: \u00e8 identit\u00e0, appartenenza, relazioni, sicurezza e progetto di vita. Quando per\u00f2 diventa solo pressione, precariet\u00e0, urgenza o mancato ascolto, pu\u00f2 trasformarsi in un fattore di sofferenza. I dati lo confermano:&#8230;<\/p>\n<\/div><\/div><\/article><article class=\"et_pb_post et_pb_post_id_6664 clearfix et_pb_blog_item_0_2 post-6664 post type-post status-publish format-standard has-post-thumbnail hentry category-in-evidenza\"><h2 class=\"entry-title\"><a href=\"https:\/\/www.ordpsicobas.it\/home\/progetto-ascoltami\/\">Progetto &#8220;AscoltaMI&#8221;<\/a><\/h2><p class=\"post-meta\"><span class=\"entry-categories\"><a href=\"https:\/\/www.ordpsicobas.it\/home\/category\/in-evidenza\/\" rel=\"tag\">In evidenza<\/a><\/span><\/p><div class=\"post-content\"><div class=\"post-content-inner\"><p>Sono aperte le adesioni al progetto \u201cASCOLTAMI\u201d, che prevede interventi di supporto psicologico a distanza rivolti a studentesse e studenti dell\u2019ultimo anno della scuola secondaria di primo grado e del primo biennio della secondaria di secondo grado.Possono&#8230;<\/p>\n<\/div><\/div><\/article><article class=\"et_pb_post et_pb_post_id_6639 clearfix et_pb_blog_item_0_3 post-6639 post type-post status-publish format-standard has-post-thumbnail hentry category-in-evidenza category-varie\"><h2 class=\"entry-title\"><a href=\"https:\/\/www.ordpsicobas.it\/home\/25-aprile-festa-della-liberazione\/\">25 Aprile \u2013 Festa della Liberazione<\/a><\/h2><p class=\"post-meta\"><span class=\"entry-categories\"><a href=\"https:\/\/www.ordpsicobas.it\/home\/category\/in-evidenza\/\" rel=\"tag\">In evidenza<\/a>, <a href=\"https:\/\/www.ordpsicobas.it\/home\/category\/varie\/\" rel=\"tag\">Varie<\/a><\/span><\/p><div class=\"post-content\"><div class=\"post-content-inner\"><p>La Liberazione ci ricorda che la libert\u00e0 non \u00e8 mai scontata: nasce da scelte coraggiose, si custodisce nella vita democratica, si rinnova nelle relazioni, nei diritti, nella cura della dignit\u00e0 umana.<\/p>\n<\/div><\/div><\/article><article class=\"et_pb_post et_pb_post_id_6711 clearfix et_pb_blog_item_0_4 post-6711 post type-post status-publish format-standard has-post-thumbnail hentry category-in-evidenza\"><h2 class=\"entry-title\"><a href=\"https:\/\/www.ordpsicobas.it\/home\/22-aprile-giornata-mondiale-della-terra\/\">22 Aprile \u2013 Giornata Mondiale della Terra<\/a><\/h2><p class=\"post-meta\"><span class=\"entry-categories\"><a href=\"https:\/\/www.ordpsicobas.it\/home\/category\/in-evidenza\/\" rel=\"tag\">In evidenza<\/a><\/span><\/p><div class=\"post-content\"><div class=\"post-content-inner\"><p>L\u2019Ordine delle Psicologhe e degli Psicologi della Basilicata richiama l\u2019attenzione sul legame tra ambiente e benessere psicologico In occasione della Giornata Mondiale della Terra, che si celebra il 22 aprile, l\u2019Ordine delle Psicologhe e degli Psicologi della&#8230;<\/p>\n<\/div><\/div><\/article><article class=\"et_pb_post et_pb_post_id_6367 clearfix et_pb_blog_item_0_5 post-6367 post type-post status-publish format-standard has-post-thumbnail hentry category-in-evidenza\"><h2 class=\"entry-title\"><a href=\"https:\/\/www.ordpsicobas.it\/home\/15-aprile-giornata-mondiale-dellarte\/\">15 Aprile \u2013 Giornata Mondiale dell\u2019Arte<\/a><\/h2><p class=\"post-meta\"><span class=\"entry-categories\"><a href=\"https:\/\/www.ordpsicobas.it\/home\/category\/in-evidenza\/\" rel=\"tag\">In evidenza<\/a><\/span><\/p><div class=\"post-content\"><div class=\"post-content-inner\"><p>L\u2019Ordine delle Psicologhe e degli Psicologi della Basilicata valorizza l\u2019arte come risorsa per il benessere e la salute psicologica In occasione della Giornata Mondiale dell\u2019Arte, che si celebra il 15 aprile, l\u2019Ordine delle Psicologhe e degli Psicologi della&#8230;<\/p>\n<\/div><\/div><\/article><article class=\"et_pb_post et_pb_post_id_6277 clearfix et_pb_blog_item_0_6 post-6277 post type-post status-publish format-standard has-post-thumbnail hentry category-eventi\"><h2 class=\"entry-title\"><a href=\"https:\/\/www.ordpsicobas.it\/home\/welcomeday-il-video-della-cerimonia-della-comunita-professionale\/\">WELCOMEDAY \u2013 Il video della Cerimonia della Comunit\u00e0 Professionale<\/a><\/h2><p class=\"post-meta\"><span class=\"entry-categories\"><a href=\"https:\/\/www.ordpsicobas.it\/home\/category\/eventi\/\" rel=\"tag\">Eventi<\/a><\/span><\/p><div class=\"post-content\"><div class=\"post-content-inner\"><p>Il 13 marzo 2026, presso l\u2019Aula Magna dell\u2019Universit\u00e0 degli Studi della Basilicata, l\u2019Ordine delle Psicologhe e degli Psicologi della Basilicata ha celebrato il WELCOMEDAY \u2013 Cerimonia della Comunit\u00e0 Professionale, un appuntamento dedicato all\u2019incontro tra generazioni della stessa professione.<\/p>\n<\/div><\/div><\/article><article class=\"et_pb_post et_pb_post_id_6270 clearfix et_pb_blog_item_0_7 post-6270 post type-post status-publish format-standard has-post-thumbnail hentry category-eventi\"><h2 class=\"entry-title\"><a href=\"https:\/\/www.ordpsicobas.it\/home\/formazione-ecm-gratuita-riforma-della-disabilita-d-lgs-62-2024\/\">Formazione ECM gratuita \u2013 Riforma della Disabilit\u00e0 (D.Lgs. 62\/2024)<\/a><\/h2><p class=\"post-meta\"><span class=\"entry-categories\"><a href=\"https:\/\/www.ordpsicobas.it\/home\/category\/eventi\/\" rel=\"tag\">Eventi<\/a><\/span><\/p><div class=\"post-content\"><div class=\"post-content-inner\"><p>L\u2019Ordine delle Psicologhe e degli Psicologi della Basilicata informa gli iscritti che \u00e8 disponibile un corso di formazione ECM gratuito in modalit\u00e0 FAD asincrona, dedicato alla Riforma della Disabilit\u00e0 (D.Lgs. 62\/2024). Il corso \u00e8 fruibile online in autonomia, secondo&#8230;<\/p>\n<\/div><\/div><\/article><article class=\"et_pb_post et_pb_post_id_6325 clearfix et_pb_blog_item_0_8 post-6325 post type-post status-publish format-standard has-post-thumbnail hentry category-in-evidenza category-varie\"><h2 class=\"entry-title\"><a href=\"https:\/\/www.ordpsicobas.it\/home\/11-aprile-giornata-mondiale-del-parkinson\/\">11 Aprile \u2013 Giornata Internazionale del Parkinson<\/a><\/h2><p class=\"post-meta\"><span class=\"entry-categories\"><a href=\"https:\/\/www.ordpsicobas.it\/home\/category\/in-evidenza\/\" rel=\"tag\">In evidenza<\/a>, <a href=\"https:\/\/www.ordpsicobas.it\/home\/category\/varie\/\" rel=\"tag\">Varie<\/a><\/span><\/p><div class=\"post-content\"><div class=\"post-content-inner\"><p>In occasione della Giornata Mondiale del Parkinson, l\u2019Ordine delle Psicologhe e degli Psicologi della Basilicata intende richiamare l\u2019attenzione sull\u2019impatto complessivo di questa patologia neurodegenerativa.<\/p>\n<\/div><\/div><\/article><article class=\"et_pb_post et_pb_post_id_6155 clearfix et_pb_blog_item_0_9 post-6155 post type-post status-publish format-standard has-post-thumbnail hentry category-annunci\"><h2 class=\"entry-title\"><a href=\"https:\/\/www.ordpsicobas.it\/home\/attivata-convenzione-opb-quadernoblu-tariffe-agevolate-per-gli-iscritti\/\">Attivata convenzione OPB \u2013 Quadernoblu: tariffe agevolate per gli iscritti<\/a><\/h2><p class=\"post-meta\"><span class=\"entry-categories\"><a href=\"https:\/\/www.ordpsicobas.it\/home\/category\/annunci\/\" rel=\"tag\">Annunci<\/a><\/span><\/p><div class=\"post-content\"><div class=\"post-content-inner\"><p>L\u2019Ordine degli Psicologi della Basilicata ha attivato una convenzione con Quadernoblu, software gestionale dedicato a psicologi e psicoterapeuti, pensato per semplificare l\u2019organizzazione dell\u2019attivit\u00e0 professionale, dalla gestione degli appuntamenti alla fatturazione elettronica, fino all\u2019invio dei dati al Sistema Tessera Sanitaria.<\/p>\n<\/div><\/div><\/article><article class=\"et_pb_post et_pb_post_id_6706 clearfix et_pb_blog_item_0_10 post-6706 post type-post status-publish format-standard has-post-thumbnail hentry category-in-evidenza\"><h2 class=\"entry-title\"><a href=\"https:\/\/www.ordpsicobas.it\/home\/7-aprile-giornata-mondiale-della-salute\/\">7 Aprile \u2013 Giornata Mondiale della Salute<\/a><\/h2><p class=\"post-meta\"><span class=\"entry-categories\"><a href=\"https:\/\/www.ordpsicobas.it\/home\/category\/in-evidenza\/\" rel=\"tag\">In evidenza<\/a><\/span><\/p><div class=\"post-content\"><div class=\"post-content-inner\"><p>L\u2019Ordine delle Psicologhe e degli Psicologi della Basilicata promuove una visione integrata del benessere psicofisico. In occasione della Giornata Mondiale della Salute, che si celebra il 7 aprile, l\u2019Ordine delle Psicologhe e degli Psicologi della Basilicata richiama&#8230;<\/p>\n<\/div><\/div><\/article><article class=\"et_pb_post et_pb_post_id_6321 clearfix et_pb_blog_item_0_11 post-6321 post type-post status-publish format-standard has-post-thumbnail hentry category-in-evidenza\"><h2 class=\"entry-title\"><a href=\"https:\/\/www.ordpsicobas.it\/home\/2-aprile-giornata-mondiale-della-consapevolezza-sullautismo\/\">Giornata Mondiale della Consapevolezza sull\u2019Autismo<\/a><\/h2><p class=\"post-meta\"><span class=\"entry-categories\"><a href=\"https:\/\/www.ordpsicobas.it\/home\/category\/in-evidenza\/\" rel=\"tag\">In evidenza<\/a><\/span><\/p><div class=\"post-content\"><div class=\"post-content-inner\"><p>In occasione della Giornata Mondiale della Consapevolezza sull\u2019Autismo, l\u2019Ordine delle Psicologhe e degli Psicologi della Basilicata richiama l\u2019attenzione sull\u2019importanza della comprensione, dell\u2019inclusione e del rispetto delle persone nello spettro autistico.<\/p>\n<\/div><\/div><\/article><\/div><div class=\"pagination clearfix\">\n\t<div class=\"alignleft\"><a href=\"https:\/\/www.ordpsicobas.it\/home\/wp-json\/wp\/v2\/pages\/5279\/page\/2\/?et_blog\" >&laquo; Articoli Precedenti<\/a><\/div>\n\t<div class=\"alignright\"><\/div>\n<\/div><\/div><\/div>\n<\/div>\n<\/div>\n<\/div>","protected":false},"excerpt":{"rendered":"","protected":false},"author":465,"featured_media":0,"parent":0,"menu_order":0,"comment_status":"closed","ping_status":"closed","template":"","meta":{"footnotes":""},"class_list":["post-5279","page","type-page","status-publish","hentry"],"_links":{"self":[{"href":"https:\/\/www.ordpsicobas.it\/home\/wp-json\/wp\/v2\/pages\/5279","targetHints":{"allow":["GET"]}}],"collection":[{"href":"https:\/\/www.ordpsicobas.it\/home\/wp-json\/wp\/v2\/pages"}],"about":[{"href":"https:\/\/www.ordpsicobas.it\/home\/wp-json\/wp\/v2\/types\/page"}],"author":[{"embeddable":true,"href":"https:\/\/www.ordpsicobas.it\/home\/wp-json\/wp\/v2\/users\/465"}],"replies":[{"embeddable":true,"href":"https:\/\/www.ordpsicobas.it\/home\/wp-json\/wp\/v2\/comments?post=5279"}],"version-history":[{"count":17,"href":"https:\/\/www.ordpsicobas.it\/home\/wp-json\/wp\/v2\/pages\/5279\/revisions"}],"predecessor-version":[{"id":6684,"href":"https:\/\/www.ordpsicobas.it\/home\/wp-json\/wp\/v2\/pages\/5279\/revisions\/6684"}],"wp:attachment":[{"href":"https:\/\/www.ordpsicobas.it\/home\/wp-json\/wp\/v2\/media?parent=5279"}],"curies":[{"name":"wp","href":"https:\/\/api.w.org\/{rel}","templated":true}]}}